inder when 2713 is divided by 671?
29
What is the remainder when 1895 is divided by 615?
50
What is the remainder when 10716 is divided by 531?
96
Calculate the remainder when 12603 is divided by 3.
0
What is the remainder when 15312 is divided by 166?
40
Calculate the remainder when 806397 is divided by 240.
237
Calculate the remainder when 1779 is divided by 809.
161
What is the remainder when 101671 is divided by 99?
97
Calculate the remainder when 3563 is divided by 154.
21
What is the remainder when 6184 is divided by 123?
34
What is the remainder when 3089 is divided by 97?
82
Calculate the remainder when 1022 is divided by 203.
7
Calculate the remainder when 106478 is divided by 367.
48
What is the remainder when 5842 is divided by 1943?
13
Calculate the remainder when 654191 is divided by 528.
527
Calculate the remainder when 419 is divided by 14.
13
Calculate the remainder when 270745 is divided by 67.
65
What is the remainder when 5373808 is divided by 39?
37
What is the remainder when 2610 is divided by 1813?
797
Calculate the remainder when 884605 is divided by 911.
24
What is the remainder when 21787 is divided by 54?
25
What is the remainder when 5611 is divided by 240?
91
What is the remainder when 17383 is divided by 17302?
81
Calculate the remainder when 6926 is divided by 131.
114
What is the remainder when 42946 is divided by 6?
4
What is the remainder when 558737 is divided by 29?
23
What is the remainder when 774136 is divided by 59?
56
Calculate the remainder when 220212 is divided by 53.
50
What is the remainder when 38561 is divided by 587?
406
What is the remainder when 1965 is divided by 636?
57
Calculate the remainder when 21948 is divided by 373.
314
What is the remainder when 401 is divided by 327?
74
Calculate the remainder when 8268 is divided by 3669.
930
What is the remainder when 83817 is divided by 83809?
8
What is the remainder when 50440 is divided by 125?
65
What is the remainder when 31149 is divided by 16?
13
Calculate the remainder when 18070 is divided by 6019.
13
Calculate the remainder when 84455 is divided by 27.
26
What is the remainder when 45543 is divided by 6479?
190
What is the remainder when 29320 is divided by 474?
406
What is the remainder when 973 is divided by 257?
202
Calculate the remainder when 89471 is divided by 166.
163
Calculate the remainder when 12286 is divided by 1365.
1
Calculate the remainder when 207699 is divided by 9439.
41
What is the remainder when 951 is divided by 352?
247
Calculate the remainder when 1212 is divided by 479.
254
Calculate the remainder when 139364 is divided by 162.
44
What is the remainder when 3061 is divided by 1416?
229
What is the remainder when 2290 is divided by 112?
50
What is the remainder when 2323 is divided by 2306?
17
What is the remainder when 20096 is divided by 2509?
24
What is the remainder when 2005 is divided by 666?
7
Calculate the remainder when 19011 is divided by 1025.
561
Calculate the remainder when 4444 is divided by 787.
509
What is the remainder when 2146 is divided by 349?
52
What is the remainder when 4729 is divided by 9?
4
What is the remainder when 901 is divided by 129?
127
Calculate the remainder when 4386 is divided by 7.
4
Calculate the remainder when 289267 is divided by 408.
403
What is the remainder when 6477 is divided by 85?
17
What is the remainder when 77803 is divided by 285?
283
Calculate the remainder when 1867977 is divided by 373.
366
What is the remainder when 18720 is divided by 95?
5
Calculate the remainder when 5122 is divided by 87.
76
Calculate the remainder when 179634 is divided by 185.
184
What is the remainder when 3171 is divided by 944?
339
Calculate the remainder when 29754 is divided by 3303.
27
What is the remainder when 85825 is divided by 26?
25
What is the remainder when 4387 is divided by 100?
87
What is the remainder when 1123369 is divided by 55?
49
Calculate the remainder when 4083 is divided by 28.
23
Calculate the remainder when 9945 is divided by 522.
27
Calculate the remainder when 10291 is divided by 80.
51
What is the remainder when 603 is divided by 560?
43
Calculate the remainder when 34746 is divided by 250.
246
What is the remainder when 3774 is divided by 20?
14
What is the remainder when 9529463 is divided by 21?
20
What is the remainder when 256061 is divided by 19?
17
Calculate the remainder when 157274 is divided by 57.
11
What is the remainder when 6342 is divided by 125?
92
Calculate the remainder when 668322 is divided by 15.
12
Calculate the remainder when 430707 is divided by 86121.
102
What is the remainder when 91211 is divided by 30398?
17
What is the remainder when 277790 is divided by 29?
28
What is the remainder when 2588 is divided by 1289?
10
Calculate the remainder when 540798 is divided by 5.
3
Calculate the remainder when 31545 is divided by 1018.
1005
What is the remainder when 9917 is divided by 9488?
429
What is the remainder when 1073 is divided by 78?
59
Calculate the remainder when 592236 is divided by 29.
27
Calculate the remainder when 2672709 is divided by 163.
161
What is the remainder when 8017 is divided by 413?
170
Calculate the remainder when 3921 is divided by 807.
693
Calculate the remainder when 20199 is divided by 6732.
3
Calculate the remainder when 19345 is divided by 967.
5
Calculate the remainder when 5699 is divided by 50.
49
Calculate the remainder when 1670 is divided by 692.
286
What is the remainder when 7314 is divided by 41?
16
Calculate the remainder when 18961 is divided by 3753.
196
What is the remainder when 48225 is divided by 17?
13
Calculate the remainder when 299 is divided by 162.
137
What is the remainder when 3927105 is divided by 292?
289
Calculate the remainder when 3285 is divided by 1552.
181
What is the remainder when 88607 is divided by 33?
2
What is the remainder when 948 is divided by 504?
444
Calculate the remainder when 9952 is divided by 71.
12
What is the remainder when 9415 is divided by 14?
7
Calculate the remainder when 15090 is divided by 404.
142
What is the remainder when 1008 is divided by 533?
475
What is the remainder when 202600 is divided by 83?
80
What is the remainder when 667 is divided by 320?
27
Calculate the remainder when 321958 is divided by 2535.
13
Calculate the remainder when 8817 is divided by 192.
177
What is the remainder when 3744729 is divided by 295?
294
Calculate the remainder when 23670 is divided by 19.
15
What is the remainder when 758 is divided by 50?
8
What is the remainder when 667554 is divided by 24?
18
Calculate the remainder when 4089 is divided by 517.
470
Calculate the remainder when 168640 is divided by 137.
130
Calculate the remainder when 2407 is divided by 713.
268
Calculate the remainder when 56360 is divided by 157.
154
What is the remainder when 8640 is divided by 459?
378
Calculate the remainder when 4227 is divided by 74.
9
Calculate the remainder when 73618 is divided by 48.
34
Calculate the remainder when 27055 is divided by 2844.
1459
Calculate the remainder when 8828 is divided by 138.
134
Calculate the remainder when 1077 is divided by 1051.
26
Calculate the remainder when 14187 is divided by 9.
3
Calculate the remainder when 175012 is divided by 268.
8
Calculate the remainder when 10358 is divided by 577.
549
Calculate the remainder when 78977 is divided by 104.
41
Calculate the remainder when 83948 is divided by 18.
14
What is the remainder when 3414 is divided by 13?
8
What is the remainder when 22874 is divided by 8?
2
Calculate the remainder when 30646 is divided by 37.
10
Calculate the remainder when 9477 is divided by 2362.
29
Calculate the remainder when 26645 is divided by 722.
653
What is the remainder when 68804 is divided by 5?
4
Calculate the remainder when 11516 is divided by 120.
116
What is the remainder when 6971 is divided by 28?
27
What is the remainder when 1049831 is divided by 15?
11
Calculate the remainder when 35201 is divided by 11718.
47
Calculate the remainder when 377 is divided by 109.
50
What is the remainder when 151410 is divided by 78?
12
Calculate the remainder when 11929 is divided by 35.
29
What is the remainder when 31524 is divided by 325?
324
What is the remainder when 155739 is divided by 86?
79
Calcul